base 9?
341504
Convert -4234547 (base 10) to base 11.
-2432529
What is -2a3532 (base 13) in base 5?
-231120143
221211210 (base 3) to base 14
6c1a
What is 10110001000111010111 (base 2) in base 16?
b11d7
What is 7703274 (base 10) in base 5?
3433001044
What is 8798a (base 11) in base 10?
127632
Convert 89a4a (base 14) to base 11.
208a82
-3dc71c (base 16) to base 10
-4048668
-137a0d6 (base 15) to base 14
-1c1cbac
Convert 71c10c (base 13) to base 5.
1134413112
What is 1716150 (base 9) in base 8?
3512705
55303033 (base 6) to base 11
a31995
-49317 (base 14) to base 15
-38064
131513025 (base 6) to base 9
4813018
What is -5188cc (base 15) in base 5?
-1443021432
Convert -42444004 (base 5) to base 4.
-1113231112
Convert -22d8 (base 16) to base 3.
-110020101
Convert -193d36 (base 15) to base 8.
-4536505
Convert -394bb (base 16) to base 12.
-b398b
-12120000210212 (base 3) to base 8
-13207520
Convert -22103243 (base 5) to base 2.
-101110101001100001
What is 221271 (base 8) in base 4?
102022321
Convert -1a04611 (base 12) to base 16.
-53a66d
-212201221120 (base 3) to base 13
-1348a4
Convert 199c225 (base 14) to base 16.
c288f9
Convert 114214052 (base 6) to base 11.
1248870
Convert 4331411102 (base 5) to base 11.
5246997
b24966 (base 14) to base 6
332420142
What is -c2a4 (base 13) in base 9?
-40727
Convert 1001010111100110110101 (base 2) to base 5.
1112042424
Convert 211340022 (base 5) to base 10.
886887
What is 8905 (base 15) in base 12?
14972
-4344a (base 13) to base 7
-1014304
What is -637232 (base 9) in base 5?
-44114041
Convert 722813 (base 14) to base 5.
1441124143
965413 (base 16) to base 12
3371417
-830b1 (base 14) to base 15
-6382a
Convert -123020130021 (base 4) to base 10.
-7112457
Convert -10010100001010100111 (base 2) to base 9.
-1124438
Convert -258603 (base 9) to base 2.
-100110011000101000
181287 (base 10) to base 13
64692
Convert 4682a8 (base 16) to base 5.
2140332333
Convert 41126 (base 8) to base 11.
11839
What is c648c (base 13) in base 11?
223aa9
-37a400 (base 14) to base 2
-111010010011101010000
Convert -113710 (base 10) to base 5.
-12114320
What is 24224331 (base 6) in base 11?
483259
What is 24019 (base 14) in base 12?
429b3
230013302120 (base 4) to base 15
1037072
-339732 (base 10) to base 9
-567020
Convert 1540772 (base 8) to base 3.
211111111202
Convert 105825 (base 10) to base 7.
620346
What is -1100101010010011110 (base 2) in base 12?
-180112
Convert 112323234 (base 5) to base 2.
1111100110001011101
What is 10100101000 (base 2) in base 7?
3564
What is -413232 (base 6) in base 15?
-9c45
What is -82716 (base 10) in base 9?
-135416
What is -653777 (base 9) in base 13?
-108631
What is 100101010111110011000 (base 2) in base 15?
192ca0
ae21c (base 16) to base 12
2a4910
Convert 5d528f (base 16) to base 4.
113111022033
What is 14d126 (base 15) in base 12?
406223
What is 2333da (base 14) in base 3?
2020221222001
Convert 3d9a0 (base 16) to base 3.
110211010012
Convert -3237d (base 14) to base 10.
-121435
70c61 (base 15) to base 13
c6754
Convert -90a32 (base 16) to base 7.
-5015133
Convert -19961 (base 15) to base 6.
-1440444
What is 102220011102 (base 3) in base 5?
24443003
What is -889 (base 12) in base 11?
-a43
What is -1b68556 (base 12) in base 7?
-100553565
Convert -b0fd5 (base 16) to base 5.
-141144244
What is -23404012 (base 6) in base 14?
-1509a8
What is -734442 (base 10) in base 2?
-10110011010011101010
-15765 (base 12) to base 7
-154544
Convert -566530 (base 8) to base 15.
-3bc8c
Convert 4310441 (base 5) to base 14.
1c673
Convert 4004211 (base 5) to base 3.
10012111102
What is 12015356 (base 7) in base 14?
1d962d
-1354003 (base 6) to base 8
-227023
What is -210220210101 (base 3) in base 6?
-13125144
What is 44410234 (base 5) in base 2?
1011110110001100010
What is 20414432 (base 5) in base 11?
106799
What is -432cc3 (base 13) in base 5?
-400434221
765891 (base 11) to base 8
4524416
35b44 (base 16) to base 5
24014342
-a93ac5 (base 13) to base 9
-7433327
What is 154323 (base 6) in base 13?
6c27
What is 19b8530 (base 13) in base 5?
4134013302
What is 11111110000110110101110 (base 2) in base 8?
37606656
1143148 (base 9) to base 4
2113020212
-10c7d (base 16) to base 10
-68733
Convert -1000000000011000010100 (base 2) to base 7.
-23560453
-153373 (base 9) to base 14
-26554
Convert -a1a242 (base 13) to base 10.
-3763853
3095700 (base 10) to base 3
12211021111120
What is 331010 (base 4) in base 2?
111101000100
-50643010 (base 7) to base 8
-20104115
What is -201c61 (base 15) in base 16?
-1744b4
Convert 1131654 (base 7) to base 13.
4ca2b
What is 122a12 (base 13) in base 10?
434514
Convert 425357 (base 8) to base 9.
235777
What is -3400620 (base 8) in base 10?
-917904
-53770 (base 10) to base 4
-31020022
What is 12231123 (base 5) in base 8?
345637
21313030023 (base 4) to base 10
2585355
What is 273e5a (base 15) in base 4?
13030210111
-5263570 (base 10) to base 6
-304452214
What is 22120 (base 11) in base 6?
404315
What is -1895a2 (base 14) in base 16?
-d4a3a
Convert -3292a4 (base 14) to base 16.
-1a2d50
798cde (base 16) to base 6
442423130
-156512000 (base 7) to base 10
-10675532
Convert 1000111122122000 (base 3) to base 14.
1d271b0
-124255021 (base 6) to base 7
-26550430
What is -ca6e (base 16) in base 3?
-2122002100
-1010101001000 (base 2) to base 16
-1548
2325154 (base 6) to base 10
120382
What is 77414355 (base 8) in base 10?
16652525
Convert e8a9a (base 16) to base 4.
3220222122
What is 16754a (base 11) in base 10?
258873
Convert 123300401 (base 6) to base 7.
26265424
What is 13134453 (base 6) in base 2?
1101001100111100001
Convert 213537 (base 9) to base 5.
13033120
What is 255448 (base 10) in base 6?
5250344
What is 963c9 (base 13) in base 16?
42237
Convert -25305511 (base 6) to base 14.
-174027
Convert -102444404 (base 5) to base 7.
-3501310
-826034 (base 9) to base 10
-489919
-107739 (base 10) to base 5
-11421424
Convert 14666351 (base 9) to base 2.
11011110111111100110000
Convert 127034 (base 10) to base 2.
11111000000111010
-a9a29f (base 16) to base 9
-22823851
203404211 (base 5) to base 4
3031113131
What is -2154525 (base 6) in base 2?
-11010100001010101
What is 293460 (base 12) in base 15?
d9730
Convert -15ae96 (base 15) to base 2.
-100000000001111000101
Convert 100110110101100000 (base 2) to base 7.
1231524
-11410 (base 8) to base 9
-6613
Convert -316213 (base 8) to base 9.
-170775
What is -12464464 (base 7) in base 2?
-100010110110101001001
What is -260b99 (base 16) in base 11?
-1453310
-104434 (base 8) to base 5
-2110400
1010100001011111111 (base 2) to base 8
1241377
What is 121122222011 (base 3) in base 13?
b63cb
-768044 (base 9) to base 8
-1577525
2941584 (base 11) to base 5
2243200143
What is 2c655 (base 13) in base 14?
22b6a
What is 100010010101110010001 (base 2) in base 5?
242002030
Convert 57626731 (base 8) to base 7.
211332012
What is 130320534 (base 6) in base 16?
26d78a
Convert 104768 (base 10) to base 13.
388c1
Convert -122c9b (base 13) to base 8.
-1521425
1011100001111001011 (base 2) to base 15
76e1d
Convert 135125 (base 9) to base 14.
220b7
134330 (base 9) to base 13
2b395
What is -110100001000011111 (base 2) in base 13?
-7626a
-301334 (base 8) to base 15
-1e526
Convert 20212330222 (base 4) to base 8.
10467452
Convert -1111210112010 (base 3) to base 16.
-c40c2
What is -160222 (base 8) in base 10?
-57490
-3140476 (base 9) to base 11
-a48241
What is 221121020210 (base 3) in base 15?
9e49c
101011111 (base 3) to base 9
11144
Convert -15234364 (base 8) to base 7.
-41435030
Convert 112476364 (base 8) to base 7.
325162146
715146 (base 9) to base 13
11aac2
-947d5 (base 15) to base 2
-1110010111101110100
Convert 331223424 (base 5) to base 3.
2200122101221
-10344223424 (base 5) to base 6
-1042345401
-1210054235 (base 6) to base 12
-471a37b
Convert -3366a (base 13) to base 4.
-112303000
Convert 24151034 (base 7) to base 15.
2c6192
10136126 (base 7) to base 16
cf710
What is 120103022 (base 4) in base 8?
302312
Convert 158988 (base 10) to base 4.
212310030
What is 5669a (base 11) in base 3?
11011112000
11577c (base 13) to base 10
412125
b17753 (base 14) to base 15
7d0623
What is -2334003343 (base 5) in base 8?
-24402761
Convert -20154025 (base 6) to base 15.
-b558e
-1011110110101001101 (base 2) to base 4
-1132311031
d0a56 (bas